, 1040803
What are the prime factors of 521959084?
2, 130489771
What are the prime factors of 25598780?
2, 5, 821, 1559
What are the prime factors of 23831088?
2, 3, 496481
List the prime factors of 155478002.
2, 97, 167, 4799
List the prime factors of 488264589.
3, 59, 919519
What are the prime factors of 184645205?
5, 227, 162683
What are the prime factors of 513032421?
3, 11, 53, 293329
What are the prime factors of 22169954?
2, 73, 151849
List the prime factors of 1747109965.
5, 349421993
List the prime factors of 199967184.
2, 3, 462887
What are the prime factors of 28166522?
2, 379, 37159
List the prime factors of 530656125.
3, 5, 1415083
List the prime factors of 773766737.
773766737
What are the prime factors of 79284091?
101, 541, 1451
List the prime factors of 167467302.
2, 3, 373, 24943
What are the prime factors of 5049956402?
2, 8017, 314953
What are the prime factors of 55338290?
2, 5, 7, 790547
What are the prime factors of 230611450?
2, 5, 4612229
What are the prime factors of 46512385?
5, 1723, 5399
List the prime factors of 222621644.
2, 7, 359, 22147
What are the prime factors of 790560946?
2, 7, 31, 73, 24953
List the prime factors of 58068764.
2, 13, 433, 2579
What are the prime factors of 2026012577?
27773, 72949
List the prime factors of 50538350.
2, 5, 1010767
What are the prime factors of 73828945?
5, 14765789
List the prime factors of 1235238363.
3, 373, 122653
What are the prime factors of 1920343903?
1920343903
What are the prime factors of 46789670?
2, 5, 4678967
What are the prime factors of 2633526?
2, 3, 7, 6967
List the prime factors of 145467166.
2, 13, 181, 30911
What are the prime factors of 514958786?
2, 19, 463, 29269
List the prime factors of 475057424.
2, 103, 113, 2551
List the prime factors of 628666199.
7, 23, 3904759
List the prime factors of 183219959.
13, 47, 101, 2969
What are the prime factors of 1320949830?
2, 3, 5, 44031661
What are the prime factors of 161078506?
2, 283, 284591
What are the prime factors of 1505526109?
41, 53, 653, 1061
What are the prime factors of 3988626038?
2, 25621, 77839
What are the prime factors of 13575140?
2, 5, 678757
What are the prime factors of 33600250?
2, 5, 134401
List the prime factors of 465266514.
2, 3, 97, 799427
List the prime factors of 245997879.
3, 1723, 47591
What are the prime factors of 716719006?
2, 13693, 26171
List the prime factors of 121989491.
13, 9383807
List the prime factors of 225150648.
2, 3, 9381277
List the prime factors of 39828003.
3, 13276001
What are the prime factors of 625913693?
625913693
What are the prime factors of 67492546?
2, 11, 709, 4327
List the prime factors of 2971626.
2, 3, 7, 70753
What are the prime factors of 22602485?
5, 4520497
List the prime factors of 4428499066.
2, 2214249533
What are the prime factors of 43226864?
2, 2701679
List the prime factors of 18817692.
2, 3, 1568141
List the prime factors of 426080531.
353, 1207027
What are the prime factors of 557095620?
2, 3, 5, 67, 138581
List the prime factors of 28789571.
28789571
List the prime factors of 57614110.
2, 5, 139, 181, 229
What are the prime factors of 392113841?
7, 4253, 13171
What are the prime factors of 7565126825?
5, 89, 113, 30089
What are the prime factors of 222146273?
222146273
List the prime factors of 1735222730.
2, 5, 1777, 97649
What are the prime factors of 255425538?
2, 3, 223, 190901
What are the prime factors of 109323?
3, 4049
List the prime factors of 68513235.
3, 5, 7, 652507
List the prime factors of 1220953005.
3, 5, 17, 1069, 1493
List the prime factors of 241493678.
2, 79, 1528441
List the prime factors of 968241829.
131, 7391159
List the prime factors of 115986411.
3, 433, 3307
List the prime factors of 33191421.
3, 31, 73, 4889
List the prime factors of 60951311.
23, 2650057
List the prime factors of 1774553476.
2, 397, 1117477
What are the prime factors of 85073792?
2, 19, 34981
What are the prime factors of 79824875?
5, 13, 49123
What are the prime factors of 13145279?
7, 268271
What are the prime factors of 1007691988?
2, 251922997
List the prime factors of 1022214867.
3, 340738289
List the prime factors of 21356158.
2, 173, 61723
What are the prime factors of 197266187?
71, 769, 3613
List the prime factors of 4229724929.
4397, 961957
What are the prime factors of 32491320?
2, 3, 5, 270761
What are the prime factors of 105770757?
3, 35256919
List the prime factors of 2377344293.
1171, 2030183
What are the prime factors of 205600777?
73, 193, 14593
What are the prime factors of 1293707210?
2, 5, 53, 307, 7951
What are the prime factors of 2101996335?
3, 5, 23, 433, 14071
List the prime factors of 420138808.
2, 41, 71, 18041
What are the prime factors of 656979168?
2, 3, 79, 86627
List the prime factors of 642402318.
2, 3, 107067053
List the prime factors of 56665540.
2, 5, 919, 3083
What are the prime factors of 3636864186?
2, 3, 606144031
What are the prime factors of 463297049?
191, 499, 4861
List the prime factors of 169877945.
5, 137, 247997
List the prime factors of 386899996.
2, 7, 13817857
What are the prime factors of 182712043?
2861, 63863
What are the prime factors of 356446818?
2, 3, 7, 13, 24179
What are the prime factors of 182073983?
7, 13, 2000813
List the prime factors of 2885180464.
2, 180323779
List the prime factors of 73653489.
3, 7, 13, 31, 967
List the prime factors of 160390131.
3, 11, 4860307
List the prime factors of 880081194.
2, 3, 17, 97, 88951
What are the prime factors of 966891985?
5, 53, 3648649
What are the prime factors of 27266409?
3, 29, 97, 359
What are the prime factors of 56295783?
3, 31, 103, 653
What are the prime factors of 27773954?
2, 13, 17, 31, 2027
List the prime factors of 1428341667.
3, 476113889
What are the prime factors of 327039387?
3, 17, 1049, 6113
List the prime factors of 26184738.
2, 3, 29, 61, 2467
List the prime factors of 59361565.
5, 607, 19559
List the prime factors of 192801750.
2, 3, 5, 257069
What are the prime factors of 10094788?
2, 11, 20857
What are the prime factors of 174646206?
2, 3, 7, 337, 457
List the prime factors of 52114113.
3, 23, 271, 929
List the prime factors of 1836258354.
2, 3, 7, 14573479
What are the prime factors of 173869583?
173869583
List the prime factors of 92863027.
17, 983, 5557
List the prime factors of 93009027.
3, 307, 100987
What are the prime factors of 2696286007?
197, 3137, 4363
What are the prime factors of 373535579?
373535579
List the prime factors of 3993411575.
5, 159736463
What are the prime factors of 507677398?
2, 157, 1616807
What are the prime factors of 3599553849?
3, 1199851283
What are the prime factors of 67735317?
3, 13, 727, 2389
What are the prime factors of 28587243?
3, 29, 328589
What are the prime factors of 302277959?
1831, 165089
What are the prime factors of 37959561?
3, 4217729
What are the prime factors of 2592149795?
5, 23, 3089, 7297
List the prime factors of 284570213.
284570213
List the prime factors of 52337299.
7, 167, 44771
List the prime factors of 64271480.
2, 5, 7, 13, 17657
What are the prime factors of 290699097?
3, 13, 573371
List the prime factors of 197368667.
43, 67, 68507
List the prime factors of 5701057379.
5701057379
What are the prime factors of 353872107?
3, 37, 41, 25919
List the prime factors of 2572022738.
2, 1933, 665293
What are the prime factors of 6151003811?
5077, 1211543
What are the prime factors of 5663371857?
3, 11, 13, 17, 19, 23, 1777
What are the prime factors of 639781804?
2, 127, 1259413
List the prime factors of 47322078.
2, 3, 577, 13669
List the prime factors of 104199707.
43, 2423249
What are the prime factors of 313066115?
5, 383, 163481
What are the prime factors of 284065638?
2, 3, 4211, 11243
What are the prime factors of 1484083553?
31, 43, 313, 3557
What are the prime factors of 106064091?
3, 7, 1237, 1361
List the prime factors of 398596449.
3, 37, 569, 6311
What are the prime factors of 220860717?
3, 7, 11, 956107
List the prime factors of 453555905.
5, 11, 8246471
List the prime factors of 134206510.
2, 5, 937, 14323
What are the prime factors of 505129514?
2, 43, 359, 16361
What are the prime factors of 137263098?
2, 3, 7, 89, 36721
List the prime factors of 328850624.
2, 5138291
List the prime factors of 6915071760.
2, 3, 5, 28812799
What ar